2?
-22
In base 7, what is -55 - 1?
-56
In base 15, what is -302 - -5?
-2ec
In base 5, what is 10 + -33004?
-32444
In base 12, what is 3 - 105a?
-1057
In base 2, what is 11 - -10000111111?
10001000010
In base 3, what is 0 - -122?
122
In base 14, what is 90 - -10?
a0
In base 15, what is -24 + 1b?
-8
In base 3, what is 12 + -11011?
-10222
In base 3, what is 20 - 20101?
-20011
In base 6, what is -440 - 1?
-441
In base 2, what is 11 + 11100110111?
11100111010
In base 2, what is 10110111100000 - -101?
10110111100101
In base 2, what is -10010 + 1011001010?
1010111000
In base 8, what is -56 - 2?
-60
In base 8, what is 32 + -6?
24
In base 15, what is -45 + 0?
-45
In base 2, what is 1100110 + -10?
1100100
In base 8, what is 172 + 2?
174
In base 12, what is -281 - 1?
-282
In base 10, what is 3 - -163?
166
In base 8, what is -61 - -2?
-57
In base 13, what is c1 + -53?
6b
In base 13, what is -4 + -b1?
-b5
In base 10, what is 143 - 104?
39
In base 6, what is 2 - -254?
300
In base 16, what is 4e + 33?
81
In base 6, what is 4 - 1321?
-1313
In base 6, what is 110 - -55?
205
In base 5, what is 41311 - -4?
41320
In base 10, what is 1448 + 5?
1453
In base 2, what is 10011011 + -101?
10010110
In base 6, what is 511 - -3?
514
In base 2, what is -10110111 + 0?
-10110111
In base 6, what is -2200 - 5?
-2205
In base 13, what is 18c1 - 5?
18b9
In base 9, what is 2 - -53?
55
In base 12, what is 4 + a79?
a81
In base 10, what is -66 - -6?
-60
In base 11, what is -318 - 26?
-343
In base 14, what is -1 + -155?
-156
In base 4, what is 300 - -2032?
2332
In base 4, what is -1 - 301?
-302
In base 7, what is 2 - -14?
16
In base 3, what is 1221021 + 10?
1221101
In base 5, what is -12 + -21?
-33
In base 12, what is -4 - 1460?
-1464
In base 7, what is -52 + 2?
-50
In base 2, what is 11000000 - -110110?
11110110
In base 12, what is -1ab - -26?
-185
In base 12, what is 97 + 4?
9b
In base 12, what is -62 - -3?
-5b
In base 10, what is 5 + 1990?
1995
In base 7, what is 132 - -131?
263
In base 10, what is 104 + -10?
94
In base 14, what is -15 - 1a1?
-1b6
In base 6, what is 2021 + 44?
2105
In base 13, what is 3 - -11a9?
11ac
In base 10, what is 117 + -4?
113
In base 15, what is 1ab + 1?
1ac
In base 5, what is 302 - 141?
111
In base 5, what is -230 + -32?
-312
In base 7, what is 121 + -1?
120
In base 2, what is -1010001 + 11?
-1001110
In base 4, what is -1231203 - 11?
-1231220
In base 8, what is -32 + 3?
-27
In base 4, what is -3 + 103?
100
In base 12, what is 4 + 55?
59
In base 10, what is -94 - -8?
-86
In base 10, what is 1 + 65?
66
In base 8, what is 1662 - -4?
1666
In base 4, what is 22330 + 3?
22333
In base 13, what is -7521 + -1?
-7522
In base 9, what is 255 + 2?
257
In base 10, what is 2 + 74?
76
In base 13, what is -330c + 3?
-3309
In base 13, what is 1985 - 1?
1984
In base 6, what is -150 + -252?
-442
In base 4, what is -21231 - 11?
-21302
In base 14, what is -1 + -4cd?
-4d0
In base 9, what is 5 - -66?
72
In base 11, what is -2672 + -2?
-2674
In base 4, what is -30231 + -11?
-30302
In base 8, what is 0 - 44?
-44
In base 6, what is -5 + -2532?
-2541
In base 5, what is 1 + 114?
120
In base 12, what is 3 + 430?
433
In base 9, what is -46 - 82?
-138
In base 9, what is 7 + -33?
-25
In base 13, what is 14 - 97?
-83
In base 5, what is -210404 - -2?
-210402
In base 5, what is -320 - -13?
-302
In base 8, what is 342 + -127?
213
In base 4, what is -11 + 301?
230
In base 9, what is 2 + -3846?
-3844
In base 12, what is -1 - 8?
-9
In base 10, what is 25 - -12?
37
In base 15, what is -16e + -4?
-173
In base 13, what is -4 - 1108?
-110c
In base 9, what is 660 - 4?
655
In base 5, what is 1020 - 10?
1010
In base 6, what is 22 + -3421?
-3355
In base 8, what is 5 - 1547?
-1542
In base 16, what is -5bc + -f?
-5cb
In base 3, what is 2201212 - 0?
2201212
In base 6, what is 440 - -55?
535
In base 8, what is -4 + 147?
143
In base 5, what is -4200 + 3?
-4142
In base 9, what is -4 - 25?
-30
In base 2, what is 1 + 1011101100?
1011101101
In base 12, what is -4 - 21?
-25
In base 13, what is -b0 - -a?
-a3
In base 9, what is 12 - -25?
37
In base 4, what is 10 - 22?
-12
In base 8, what is 6 + -47?
-41
In base 4, what is 12033 - 2?
12031
In base 13, what is 21 - 27?
-6
In base 10, what is -3 - -428?
425
In base 14, what is 48 + -5?
43
In base 14, what is -5 + -3?
-8
In base 3, what is 101112221 + -2?
101112212
In base 3, what is 10212 - -12?
11001
In base 10, what is 1 - 33?
-32
In base 13, what is 1761 + -3?
175b
In base 15, what is -44 - 1?
-45
In base 14, what is 105 + 1?
106
In base 16, what is 1 + 1a9?
1aa
In base 8, what is -7 + 3153?
3144
In base 6, what is 1032 - -15?
1051
In base 4, what is 10233301 - -3?
10233310
In base 5, what is 10 - -1233?
1243
In base 3, what is 112 - 12?
100
In base 15, what is -2 - 328?
-32a
In base 9, what is -15 + -14?
-30
In base 14, what is 381d + -2?
381b
In base 16, what is -3 + 31e?
31b
In base 6, what is 142 + -2?
140
In base 12, what is -179 - 3?
-180
In base 6, what is 103 + -22?
41
In base 2, what is 1 - -101100?
101101
In base 7, what is 43 - -22?
65
In base 4, what is -22 + -301?
-323
In base 16, what is 1 + 23?
24
In base 6, what is -424015 + -5?
-424024
In base 3, what is 2100 + 1110?
10210
In base 6, what is 12 - 114?
-102
In base 11, what is -7 - 13a?
-146
In base 10, what is -288 - -5?
-283
In base 8, what is 5 - -307?
314
In base 8, what is 21 - 6?
13
In base 10, what is 3 - -264?
267
In base 2, what is -110111101001 - -10?
-110111100111
In base 8, what is -20 - -3?
-15
In base 4, what is 1021100 + 10?
1021110
In base 5, what is 14 - 1030?
-1011
In base 13, what is -2880 - -4?
-2879
In base 12, what is -23 + 9?
-16
In base 3, what is -112200 - 2?
-112202
In base 8, what is -1765 - -3?
-1762
In base 2, what is -111110 + 110?
-111000
In base 3, what is -10 + 122002?
121222
In base 16, what is -5 + 8dd?
8d8
In base 14, what is -38 + -1?
-39
In base 16, what is -1f - -c4?
a5
In base 16, what is -b8 + 1?
-b7
In base 11, what is -3970 - 0?
-3970
In base 14, what is -5 + -83?
-88
In base 10, what is -33 + 11?
-22
In base 11, what is -3162a + -5?
-31634
In base 12, what is -319 + 0?
-319
In base 5, what is 3 - 2210?
-2202
In base 12, what is 36 + 1b?
55
In base 5, what is -214 + -2?
-221
In base 5, what is -1044 + 3?
-1041
In base 9, what is 8 - 64?
-55
In base 6, what is -3 - -214?
211
In base 15, what is d98 - -c?
da5
In base 8, what is 15 - -3344?
3361
In base 12, what is 7a - -21?
9b
In base 4, what is 0 + -122?
-122
In base 8, what is 210 - -20?
230
In base 6, what is 32 + 4?
40
In base 14, what is 0 + -1db8?
-1db8
In base 6, what is 1422 - 0?
1422
In base 6, what is 215 - -24?
243
In base 10, what is 438 - -4?
442
In base 9, what is -16 + -21?
-37
In base 7, what is -20422 - -1?
-20421
In base 11, what is 3 - -a3?
a6
In base 3, what is 2 + 10002220?
10002222
In base 15, what is 5 + e?
14
In base 11, what is 130 + 2?
132
In base 13, what is 5 - -63?
68
In base 2, what is 11 - 1100110110?
-1100110011
In base 3, what is -112120 - 2?
-112122
In base 2, what is 1100000 - -10011?
1110011
In base 5, what is -10 + -1102?
-1112
In base 14, what is 5 - 2ba?
-2b5
In base 9, what is 5 + -1865?
-1860
In base 6, what is -15 + 33?
14
In base 8, what is 2 + -306?
-304
In base 6, what is 1 - 324?
-323
In base 12, what is -63 - 1?
-64
In base 7, what is 13 + 2456?
2502
In base 8, what is 557 - 2?
555
In base 11, what is -14 - 595?
-5a9
In base 10, what is 3 - 4?
-1
In base 6, what is -104 - 5?
-113
In base 9, what is 652 - 5?
646
In base 9, what is 342 - -3?
345
In base 12, what is 1 + 477?
478
In base 8, what is -2 + 1430?
1426
In base 11, what is -2 - 70?
-72
In base 5, what is 1023 - 10?
1013
In base 10, what is 5 + 56?
61
In base 6, what is 3 - 10105?
-10102
In base 12, what is 16 - -11?
27
In base 16, what is d + -6?
7
In base 3, what is 200 - -120?
1020
In base 2, what is 11 + 10000010100111?
10000010101010
In base 11, what is -4 + 16?
12
In base 15, what is 0 - 24?
-24
In base 13, what is -629 + -4?
-630
In base 11, what is -5 + -291?
-296
In base 10, what is 62 - 185?
-123
In base 12, what is 104a - 1?
1049
In base 15, what is 3 + 88?
8b
In base 9, what is 63 - -1?
64
In base 16, what is 31 - 0?
31
In base 8, what is 0 - -726?
726
In base 5, what is 304220 - 4?
304211
